{"id":2292,"date":"2026-08-30T18:57:02","date_gmt":"2026-08-30T16:57:02","guid":{"rendered":"https:\/\/gruene-neuhofen.de\/?page_id=2292"},"modified":"2026-08-30T19:53:27","modified_gmt":"2026-08-30T17:53:27","slug":"stolpersteine-in-neuhofen","status":"publish","type":"page","link":"https:\/\/gruene-neuhofen.de\/?page_id=2292","title":{"rendered":"Stolpersteine in Neuhofen"},"content":{"rendered":"\n<p class=\"wp-block-paragraph\">Erinnern hei\u00dft Verantwortung \u00fcbernehmen<\/p>\n\n\n\n<p class=\"wp-block-paragraph\">Im Jahr 2024 wurde von Anette Winter in Neuhofen die Initiative zur Verlegung von Stolpersteinen angesto\u00dfen. Was zun\u00e4chst auf einige Bedenken stie\u00df, hat inzwischen eine feste Form angenommen: Ein engagiertes Team aus vier Personen hat sich zusammengefunden, um regelm\u00e4\u00dfig Stolpersteinverlegungen zu organisieren und damit den Menschen aus Neuhofen ein Gesicht und eine Stimme zu geben, deren Schicksale viel zu lange im Dunkeln lagen.<\/p>\n\n\n\n<p class=\"wp-block-paragraph\">Hinter jedem Stolperstein steht ein Mensch. Ein Mensch mit einem Namen, einer Familie, einem Zuhause, Hoffnungen und Tr\u00e4umen. Menschen, die mitten unter uns lebten und die w\u00e4hrend der NS-Zeit ausgegrenzt, verfolgt, entrechtet, deportiert und ermordet wurden. Menschen, deren Leben brutal ausgel\u00f6scht wurde, nur weil sie nicht in das menschenverachtende Weltbild der Nationalsozialisten passten.<\/p>\n\n\n\n<p class=\"wp-block-paragraph\">Auch in Neuhofen ist die Zahl der Menschen, die Opfer dieser Verfolgung wurden, erschreckend. Ihre Geschichten geh\u00f6ren zu unserer Ortsgeschichte. Ein Stolperstein kann keinen Menschen zur\u00fcckbringen. Aber er kann daf\u00fcr sorgen, dass sein Name nicht vergessen wird. Dass wir innehalten. Dass wir uns erinnern. Und dass wir uns fragen, was wir heute tun k\u00f6nnen, damit Ausgrenzung, Hass und Menschenverachtung niemals wieder zu Verfolgung und Vernichtung f\u00fchren.<\/p>\n\n\n\n<p class=\"wp-block-paragraph\">Die Stolpersteine holen die Geschichte aus den B\u00fcchern und Archiven zur\u00fcck in unseren Alltag. Sie liegen dort, wo Menschen einst gelebt haben \u2013 vor ihren ehemaligen H\u00e4usern, mitten in unserer Gemeinde. Wir gehen an ihnen vorbei, bleiben stehen, lesen einen Namen und begegnen f\u00fcr einen Moment einem Menschen, der einst Teil unserer Gemeinschaft war.<\/p>\n\n\n\n<p class=\"wp-block-paragraph\">Erinnerung ist mehr als ein Blick zur\u00fcck. Erinnerung ist Verantwortung f\u00fcr die Gegenwart und f\u00fcr die Zukunft.<\/p>\n\n\n\n<p class=\"wp-block-paragraph\">Mit jedem verlegten Stolperstein sagen wir deshalb: Wir erinnern uns. Wir vergessen euch nicht. Und wir werden nicht zulassen, dass eure Namen und eure Schicksale aus unserer Geschichte verschwinden.<\/p>\n\n\n\n<figure class=\"wp-block-gallery has-nested-images columns-default is-cropped wp-block-gallery-1 is-layout-flex wp-block-gallery-is-layout-flex\">\n<figure class=\"wp-block-image size-large\"><img loading=\"lazy\" decoding=\"async\" width=\"693\" height=\"1200\" data-id=\"2300\" src=\"https:\/\/gruene-neuhofen.de\/wp-content\/uploads\/2026\/08\/2024-demnig-bei-der-Arbeit-693x1200.jpg\" alt=\"\" class=\"wp-image-2300\" srcset=\"https:\/\/gruene-neuhofen.de\/wp-content\/uploads\/2026\/08\/2024-demnig-bei-der-Arbeit-693x1200.jpg 693w, https:\/\/gruene-neuhofen.de\/wp-content\/uploads\/2026\/08\/2024-demnig-bei-der-Arbeit-346x600.jpg 346w, https:\/\/gruene-neuhofen.de\/wp-content\/uploads\/2026\/08\/2024-demnig-bei-der-Arbeit-768x1330.jpg 768w, https:\/\/gruene-neuhofen.de\/wp-content\/uploads\/2026\/08\/2024-demnig-bei-der-Arbeit-887x1536.jpg 887w, https:\/\/gruene-neuhofen.de\/wp-content\/uploads\/2026\/08\/2024-demnig-bei-der-Arbeit-1183x2048.jpg 1183w, https:\/\/gruene-neuhofen.de\/wp-content\/uploads\/2026\/08\/2024-demnig-bei-der-Arbeit-scaled.jpg 1478w\" sizes=\"auto, (max-width: 693px) 100vw, 693px\" \/><\/figure>\n\n\n\n<figure class=\"wp-block-image size-large\"><img loading=\"lazy\" decoding=\"async\" width=\"800\" height=\"1193\" data-id=\"2308\" src=\"https:\/\/gruene-neuhofen.de\/wp-content\/uploads\/2026\/08\/Meta-Fischer-Johanna-Oelbert-800x1193.jpg\" alt=\"\" class=\"wp-image-2308\" srcset=\"https:\/\/gruene-neuhofen.de\/wp-content\/uploads\/2026\/08\/Meta-Fischer-Johanna-Oelbert-800x1193.jpg 800w, https:\/\/gruene-neuhofen.de\/wp-content\/uploads\/2026\/08\/Meta-Fischer-Johanna-Oelbert-400x597.jpg 400w, https:\/\/gruene-neuhofen.de\/wp-content\/uploads\/2026\/08\/Meta-Fischer-Johanna-Oelbert-768x1146.jpg 768w, https:\/\/gruene-neuhofen.de\/wp-content\/uploads\/2026\/08\/Meta-Fischer-Johanna-Oelbert-1030x1536.jpg 1030w, https:\/\/gruene-neuhofen.de\/wp-content\/uploads\/2026\/08\/Meta-Fischer-Johanna-Oelbert.avif 1080w\" sizes=\"auto, (max-width: 800px) 100vw, 800px\" \/><\/figure>\n\n\n\n<figure class=\"wp-block-image size-large\"><img loading=\"lazy\" decoding=\"async\" width=\"800\" height=\"522\" data-id=\"2301\" src=\"https:\/\/gruene-neuhofen.de\/wp-content\/uploads\/2026\/08\/Familie-Fischer-bei-der-Deportation-am-22.10.1940-1536x1003-1-800x522.png\" alt=\"\" class=\"wp-image-2301\" srcset=\"https:\/\/gruene-neuhofen.de\/wp-content\/uploads\/2026\/08\/Familie-Fischer-bei-der-Deportation-am-22.10.1940-1536x1003-1-800x522.png 800w, https:\/\/gruene-neuhofen.de\/wp-content\/uploads\/2026\/08\/Familie-Fischer-bei-der-Deportation-am-22.10.1940-1536x1003-1-400x261.png 400w, https:\/\/gruene-neuhofen.de\/wp-content\/uploads\/2026\/08\/Familie-Fischer-bei-der-Deportation-am-22.10.1940-1536x1003-1-768x502.png 768w, https:\/\/gruene-neuhofen.de\/wp-content\/uploads\/2026\/08\/Familie-Fischer-bei-der-Deportation-am-22.10.1940-1536x1003-1.png 1536w\" sizes=\"auto, (max-width: 800px) 100vw, 800px\" \/><\/figure>\n\n\n\n<figure class=\"wp-block-image size-large\"><img loading=\"lazy\" decoding=\"async\" width=\"800\" height=\"661\" data-id=\"2302\" src=\"https:\/\/gruene-neuhofen.de\/wp-content\/uploads\/2026\/08\/IMG-20260427-WA00012-800x661.jpg\" alt=\"\" class=\"wp-image-2302\" srcset=\"https:\/\/gruene-neuhofen.de\/wp-content\/uploads\/2026\/08\/IMG-20260427-WA00012-800x661.jpg 800w, https:\/\/gruene-neuhofen.de\/wp-content\/uploads\/2026\/08\/IMG-20260427-WA00012-400x331.jpg 400w, https:\/\/gruene-neuhofen.de\/wp-content\/uploads\/2026\/08\/IMG-20260427-WA00012-768x635.jpg 768w, https:\/\/gruene-neuhofen.de\/wp-content\/uploads\/2026\/08\/IMG-20260427-WA00012.jpg 1200w\" sizes=\"auto, (max-width: 800px) 100vw, 800px\" \/><\/figure>\n<\/figure>\n\n\n\n<div data-wp-interactive=\"core\/file\" class=\"wp-block-file\"><object data-wp-bind--hidden=\"!state.hasPdfPreview\" hidden class=\"wp-block-file__embed\" data=\"https:\/\/gruene-neuhofen.de\/wp-content\/uploads\/2026\/08\/Antrag-Stopersteine.pdf\" type=\"application\/pdf\" style=\"width:100%;height:600px\" aria-label=\"Einbettung von Antrag Stopersteine.\"><\/object><a id=\"wp-block-file--media-1b555074-3d4c-44a3-b371-28fbe2e72a88\" href=\"https:\/\/gruene-neuhofen.de\/wp-content\/uploads\/2026\/08\/Antrag-Stopersteine.pdf\">Antrag Stopersteine<\/a><a href=\"https:\/\/gruene-neuhofen.de\/wp-content\/uploads\/2026\/08\/Antrag-Stopersteine.pdf\" class=\"wp-block-file__button wp-element-button\" download aria-describedby=\"wp-block-file--media-1b555074-3d4c-44a3-b371-28fbe2e72a88\">Herunterladen<\/a><\/div>\n","protected":false},"excerpt":{"rendered":"<p>Erinnern hei\u00dft Verantwortung \u00fcbernehmen Im Jahr 2024 wurde von Anette Winter in Neuhofen die Initiative&#8230;<\/p>\n","protected":false},"author":3,"featured_media":2281,"parent":0,"menu_order":0,"comment_status":"closed","ping_status":"closed","template":"","meta":{"footnotes":""},"class_list":["post-2292","page","type-page","status-publish","has-post-thumbnail","hentry"],"_links":{"self":[{"href":"https:\/\/gruene-neuhofen.de\/index.php?rest_route=\/wp\/v2\/pages\/2292","targetHints":{"allow":["GET"]}}],"collection":[{"href":"https:\/\/gruene-neuhofen.de\/index.php?rest_route=\/wp\/v2\/pages"}],"about":[{"href":"https:\/\/gruene-neuhofen.de\/index.php?rest_route=\/wp\/v2\/types\/page"}],"author":[{"embeddable":true,"href":"https:\/\/gruene-neuhofen.de\/index.php?rest_route=\/wp\/v2\/users\/3"}],"replies":[{"embeddable":true,"href":"https:\/\/gruene-neuhofen.de\/index.php?rest_route=%2Fwp%2Fv2%2Fcomments&post=2292"}],"version-history":[{"count":9,"href":"https:\/\/gruene-neuhofen.de\/index.php?rest_route=\/wp\/v2\/pages\/2292\/revisions"}],"predecessor-version":[{"id":2315,"href":"https:\/\/gruene-neuhofen.de\/index.php?rest_route=\/wp\/v2\/pages\/2292\/revisions\/2315"}],"wp:featuredmedia":[{"embeddable":true,"href":"https:\/\/gruene-neuhofen.de\/index.php?rest_route=\/wp\/v2\/media\/2281"}],"wp:attachment":[{"href":"https:\/\/gruene-neuhofen.de\/index.php?rest_route=%2Fwp%2Fv2%2Fmedia&parent=2292"}],"curies":[{"name":"wp","href":"https:\/\/api.w.org\/{rel}","templated":true}]}}

<p class="wp-block-paragraph">Erinnern heißt Verantwortung übernehmen</p>



<p class="wp-block-paragraph">Im Jahr 2024 wurde von Anette Winter in Neuhofen die Initiative zur Verlegung von Stolpersteinen angestoßen. Was zunächst auf einige Bedenken stieß, hat inzwischen eine feste Form angenommen: Ein engagiertes Team aus vier Personen hat sich zusammengefunden, um regelmäßig Stolpersteinverlegungen zu organisieren und damit den Menschen aus Neuhofen ein Gesicht und eine Stimme zu geben, deren Schicksale viel zu lange im Dunkeln lagen.</p>



<p class="wp-block-paragraph">Hinter jedem Stolperstein steht ein Mensch. Ein Mensch mit einem Namen, einer Familie, einem Zuhause, Hoffnungen und Träumen. Menschen, die mitten unter uns lebten und die während der NS-Zeit ausgegrenzt, verfolgt, entrechtet, deportiert und ermordet wurden. Menschen, deren Leben brutal ausgelöscht wurde, nur weil sie nicht in das menschenverachtende Weltbild der Nationalsozialisten passten.</p>



<p class="wp-block-paragraph">Auch in Neuhofen ist die Zahl der Menschen, die Opfer dieser Verfolgung wurden, erschreckend. Ihre Geschichten gehören zu unserer Ortsgeschichte. Ein Stolperstein kann keinen Menschen zurückbringen. Aber er kann dafür sorgen, dass sein Name nicht vergessen wird. Dass wir innehalten. Dass wir uns erinnern. Und dass wir uns fragen, was wir heute tun können, damit Ausgrenzung, Hass und Menschenverachtung niemals wieder zu Verfolgung und Vernichtung führen.</p>



<p class="wp-block-paragraph">Die Stolpersteine holen die Geschichte aus den Büchern und Archiven zurück in unseren Alltag. Sie liegen dort, wo Menschen einst gelebt haben – vor ihren ehemaligen Häusern, mitten in unserer Gemeinde. Wir gehen an ihnen vorbei, bleiben stehen, lesen einen Namen und begegnen für einen Moment einem Menschen, der einst Teil unserer Gemeinschaft war.</p>



<p class="wp-block-paragraph">Erinnerung ist mehr als ein Blick zurück. Erinnerung ist Verantwortung für die Gegenwart und für die Zukunft.</p>



<p class="wp-block-paragraph">Mit jedem verlegten Stolperstein sagen wir deshalb: Wir erinnern uns. Wir vergessen euch nicht. Und wir werden nicht zulassen, dass eure Namen und eure Schicksale aus unserer Geschichte verschwinden.</p>



<figure class="wp-block-gallery has-nested-images columns-default is-cropped wp-block-gallery-1 is-layout-flex wp-block-gallery-is-layout-flex">
<figure class="wp-block-image size-large"><img loading="lazy" decoding="async" width="693" height="1200" data-id="2300" src="https://gruene-neuhofen.de/wp-content/uploads/2026/08/2024-demnig-bei-der-Arbeit-693x1200.jpg" alt="" class="wp-image-2300" srcset="https://gruene-neuhofen.de/wp-content/uploads/2026/08/2024-demnig-bei-der-Arbeit-693x1200.jpg 693w, https://gruene-neuhofen.de/wp-content/uploads/2026/08/2024-demnig-bei-der-Arbeit-346x600.jpg 346w, https://gruene-neuhofen.de/wp-content/uploads/2026/08/2024-demnig-bei-der-Arbeit-768x1330.jpg 768w, https://gruene-neuhofen.de/wp-content/uploads/2026/08/2024-demnig-bei-der-Arbeit-887x1536.jpg 887w, https://gruene-neuhofen.de/wp-content/uploads/2026/08/2024-demnig-bei-der-Arbeit-1183x2048.jpg 1183w, https://gruene-neuhofen.de/wp-content/uploads/2026/08/2024-demnig-bei-der-Arbeit-scaled.jpg 1478w" sizes="auto, (max-width: 693px) 100vw, 693px" /></figure>



<figure class="wp-block-image size-large"><img loading="lazy" decoding="async" width="800" height="1193" data-id="2308" src="https://gruene-neuhofen.de/wp-content/uploads/2026/08/Meta-Fischer-Johanna-Oelbert-800x1193.jpg" alt="" class="wp-image-2308" srcset="https://gruene-neuhofen.de/wp-content/uploads/2026/08/Meta-Fischer-Johanna-Oelbert-800x1193.jpg 800w, https://gruene-neuhofen.de/wp-content/uploads/2026/08/Meta-Fischer-Johanna-Oelbert-400x597.jpg 400w, https://gruene-neuhofen.de/wp-content/uploads/2026/08/Meta-Fischer-Johanna-Oelbert-768x1146.jpg 768w, https://gruene-neuhofen.de/wp-content/uploads/2026/08/Meta-Fischer-Johanna-Oelbert-1030x1536.jpg 1030w, https://gruene-neuhofen.de/wp-content/uploads/2026/08/Meta-Fischer-Johanna-Oelbert.avif 1080w" sizes="auto, (max-width: 800px) 100vw, 800px" /></figure>



<figure class="wp-block-image size-large"><img loading="lazy" decoding="async" width="800" height="522" data-id="2301" src="https://gruene-neuhofen.de/wp-content/uploads/2026/08/Familie-Fischer-bei-der-Deportation-am-22.10.1940-1536x1003-1-800x522.png" alt="" class="wp-image-2301" srcset="https://gruene-neuhofen.de/wp-content/uploads/2026/08/Familie-Fischer-bei-der-Deportation-am-22.10.1940-1536x1003-1-800x522.png 800w, https://gruene-neuhofen.de/wp-content/uploads/2026/08/Familie-Fischer-bei-der-Deportation-am-22.10.1940-1536x1003-1-400x261.png 400w, https://gruene-neuhofen.de/wp-content/uploads/2026/08/Familie-Fischer-bei-der-Deportation-am-22.10.1940-1536x1003-1-768x502.png 768w, https://gruene-neuhofen.de/wp-content/uploads/2026/08/Familie-Fischer-bei-der-Deportation-am-22.10.1940-1536x1003-1.png 1536w" sizes="auto, (max-width: 800px) 100vw, 800px" /></figure>



<figure class="wp-block-image size-large"><img loading="lazy" decoding="async" width="800" height="661" data-id="2302" src="https://gruene-neuhofen.de/wp-content/uploads/2026/08/IMG-20260427-WA00012-800x661.jpg" alt="" class="wp-image-2302" srcset="https://gruene-neuhofen.de/wp-content/uploads/2026/08/IMG-20260427-WA00012-800x661.jpg 800w, https://gruene-neuhofen.de/wp-content/uploads/2026/08/IMG-20260427-WA00012-400x331.jpg 400w, https://gruene-neuhofen.de/wp-content/uploads/2026/08/IMG-20260427-WA00012-768x635.jpg 768w, https://gruene-neuhofen.de/wp-content/uploads/2026/08/IMG-20260427-WA00012.jpg 1200w" sizes="auto, (max-width: 800px) 100vw, 800px" /></figure>
</figure>



<div data-wp-interactive="core/file" class="wp-block-file"><object data-wp-bind--hidden="!state.hasPdfPreview" hidden class="wp-block-file__embed" data="https://gruene-neuhofen.de/wp-content/uploads/2026/08/Antrag-Stopersteine.pdf" type="application/pdf" style="width:100%;height:600px" aria-label="Einbettung von Antrag Stopersteine."></object><a id="wp-block-file--media-1b555074-3d4c-44a3-b371-28fbe2e72a88" href="https://gruene-neuhofen.de/wp-content/uploads/2026/08/Antrag-Stopersteine.pdf">Antrag Stopersteine</a><a href="https://gruene-neuhofen.de/wp-content/uploads/2026/08/Antrag-Stopersteine.pdf" class="wp-block-file__button wp-element-button" download aria-describedby="wp-block-file--media-1b555074-3d4c-44a3-b371-28fbe2e72a88">Herunterladen</a></div>

<p>Erinnern heißt Verantwortung übernehmen Im Jahr 2024 wurde von Anette Winter in Neuhofen die Initiative&#8230;</p>
