{"id":208,"date":"2020-11-15T13:06:17","date_gmt":"2020-11-15T12:06:17","guid":{"rendered":"https:\/\/gruene-neuhofen.de\/?page_id=208"},"modified":"2020-11-15T13:06:27","modified_gmt":"2020-11-15T12:06:27","slug":"unterstuetze-uns","status":"publish","type":"page","link":"https:\/\/gruene-neuhofen.de\/?page_id=208","title":{"rendered":"Unterst\u00fctze uns"},"content":{"rendered":"\n<p>Unterst\u00fctze uns dabei, Neuhofen gr\u00fcner zu machen &#8211; mit Deiner Spende.<\/p>\n\n\n\n<p>Ob Veranstaltungen, Infost\u00e4nde, Plakate oder Streumaterial &#8211; politische Arbeit kostet nicht nur Herzblut, sondern auch Geld. Deine Spende kommt direkt und transparent der politischen Arbeit der Gr\u00fcnen in Neuhofen zugute. <\/p>\n\n\n\n<p>Du bekommst automatisch eine Spendenquittung am Anfang des Folgejahres, sofern Du Deinen Namen und Adresse im Verwendungszweck der \u00dcberweisung angibst. <\/p>\n\n\n\n<p>Wir bedanken uns f\u00fcr Deine Spende!<\/p>\n\n\n\n<div class=\"wp-block-group\"><div class=\"wp-block-group__inner-container is-layout-flow wp-block-group-is-layout-flow\">\n<div class=\"wp-block-group\"><div class=\"wp-block-group__inner-container is-layout-flow wp-block-group-is-layout-flow\">\n<p><strong>Spenden per \u00dcberweisung<\/strong><\/p>\n\n\n\n<p>Bitte lass uns Deine Spende \u00fcber folgende Bankverbindung zukommen:<\/p>\n\n\n\n<p class=\"has-background\" style=\"background-color:#e7e7e7\">VR Bank Rhein-Neckar eG<br>IBAN:\u00a0DE11 6709 0000 0095 7030 03<br>BIC: GENODE61MA2<\/p>\n<\/div><\/div>\n<\/div><\/div>\n\n\n\n<p class=\"has-normal-font-size\"><strong>Datenschutzhinweis f\u00fcr Spenden<\/strong><\/p>\n\n\n\n<p>Wir garantieren Dir die ordnungsgem\u00e4\u00dfe Verbuchung deiner Spenden gem\u00e4\u00df dem g\u00fcltigen Parteiengesetz und die Zusendung einer steuerlich relevanten Zuwendungsbescheinigung. Dar\u00fcber hinausgehend halten wir uns an die\u00a0<a href=\"https:\/\/www.gruene.de\/service\/gruener-spenden-kodex.html\">gr\u00fcne Spendenethik zum Umgang mit Spenden<\/a>\u00a0von B\u00dcNDNIS 90\/DIE GR\u00dcNEN.<\/p>\n\n\n\n<p>Spenden an Parteien sind besonders steuerlich abzugsf\u00e4hig. 50&nbsp;Prozent werden&nbsp;direkt von der Einkommensteuer abgezogen.&nbsp;Von j\u00e4hrlich bis zu 1.650 Euro bei Ledigen, bzw 3.300 Euro bei gemeinsam Veranlagten.<\/p>\n","protected":false},"excerpt":{"rendered":"<p>Unterst\u00fctze uns dabei, Neuhofen gr\u00fcner zu machen &#8211; mit Deiner Spende. Ob Veranstaltungen, Infost\u00e4nde, Plakate oder Streumaterial &#8211; politische Arbeit kostet nicht nur Herzblut, sondern auch Geld. Deine Spende kommt\u2026<\/p>\n","protected":false},"author":2,"featured_media":214,"parent":60,"menu_order":0,"comment_status":"closed","ping_status":"closed","template":"","meta":{"footnotes":""},"_links":{"self":[{"href":"https:\/\/gruene-neuhofen.de\/index.php?rest_route=\/wp\/v2\/pages\/208"}],"collection":[{"href":"https:\/\/gruene-neuhofen.de\/index.php?rest_route=\/wp\/v2\/pages"}],"about":[{"href":"https:\/\/gruene-neuhofen.de\/index.php?rest_route=\/wp\/v2\/types\/page"}],"author":[{"embeddable":true,"href":"https:\/\/gruene-neuhofen.de\/index.php?rest_route=\/wp\/v2\/users\/2"}],"replies":[{"embeddable":true,"href":"https:\/\/gruene-neuhofen.de\/index.php?rest_route=%2Fwp%2Fv2%2Fcomments&post=208"}],"version-history":[{"count":6,"href":"https:\/\/gruene-neuhofen.de\/index.php?rest_route=\/wp\/v2\/pages\/208\/revisions"}],"predecessor-version":[{"id":215,"href":"https:\/\/gruene-neuhofen.de\/index.php?rest_route=\/wp\/v2\/pages\/208\/revisions\/215"}],"up":[{"embeddable":true,"href":"https:\/\/gruene-neuhofen.de\/index.php?rest_route=\/wp\/v2\/pages\/60"}],"wp:featuredmedia":[{"embeddable":true,"href":"https:\/\/gruene-neuhofen.de\/index.php?rest_route=\/wp\/v2\/media\/214"}],"wp:attachment":[{"href":"https:\/\/gruene-neuhofen.de\/index.php?rest_route=%2Fwp%2Fv2%2Fmedia&parent=208"}],"curies":[{"name":"wp","href":"https:\/\/api.w.org\/{rel}","templated":true}]}}