{"id":156,"date":"2020-11-11T15:18:03","date_gmt":"2020-11-11T15:18:03","guid":{"rendered":"http:\/\/gruene-neuhofen.de\/?page_id=156"},"modified":"2025-06-05T10:18:25","modified_gmt":"2025-06-05T08:18:25","slug":"lutz-dreyer-vorstandssprecher","status":"publish","type":"page","link":"https:\/\/gruene-neuhofen.de\/?page_id=156","title":{"rendered":"Lutz Dreyer &#8211; Schatzmeister"},"content":{"rendered":"\n<div class=\"wp-block-columns is-layout-flex wp-container-core-columns-layout-1 wp-block-columns-is-layout-flex\">\n<div class=\"wp-block-column is-layout-flow wp-block-column-is-layout-flow\">\n<figure class=\"wp-block-image size-large is-style-rounded\"><img loading=\"lazy\" decoding=\"async\" width=\"449\" height=\"449\" src=\"https:\/\/gruene-neuhofen.de\/wp-content\/uploads\/2020\/11\/Lutz-Dreyer_2.png\" alt=\"\" class=\"wp-image-159\" srcset=\"https:\/\/gruene-neuhofen.de\/wp-content\/uploads\/2020\/11\/Lutz-Dreyer_2.png 449w, https:\/\/gruene-neuhofen.de\/wp-content\/uploads\/2020\/11\/Lutz-Dreyer_2-400x400.png 400w, https:\/\/gruene-neuhofen.de\/wp-content\/uploads\/2020\/11\/Lutz-Dreyer_2-150x150.png 150w\" sizes=\"(max-width: 449px) 100vw, 449px\" \/><\/figure>\n<\/div>\n\n\n\n<div class=\"wp-block-column is-layout-flow wp-block-column-is-layout-flow\">\n<ul id=\"block-5b58b8b6-7041-4ff1-b67d-08d2312030c2\">\n<li>wohnt in NEUHOFEN seit 1987<\/li>\n\n\n\n<li>ist verheiratet<\/li>\n\n\n\n<li>hat zwei erwachsene S\u00f6hne<\/li>\n\n\n\n<li>ist Schatzmeister im Ortsverband B\u00dcNDNIS 90\/DIE GR\u00dcNEN &#8211; Neuhofen<\/li>\n<\/ul>\n\n\n\n<div style=\"height:50px\" aria-hidden=\"true\" class=\"wp-block-spacer\"><\/div>\n\n\n\n<h6 class=\"wp-block-heading has-black-color has-text-color has-link-color has-medium-font-size wp-elements-4deb726051a2147e761c7d3046473be2\">Politische Gremien:<\/h6>\n\n\n\n<ul id=\"block-5b58b8b6-7041-4ff1-b67d-08d2312030c2\">\n<li>stellvertretender Fraktionsvorsitzender im Gemeinderat der Ortsgemeinde Neuhofen<\/li>\n\n\n\n<li>Mitglied im Haupt- und Finanzausschuss Neuhofen<\/li>\n\n\n\n<li>stellvertretendes Mitglied im Bau- und Grundst\u00fccksausschuss Neuhofen<\/li>\n\n\n\n<li>stellvertretendes Mitglied im Ausschuss f\u00fcr Landwirtschaft sowie f\u00fcr Umwelt, Natur- und Landschaftsschutz Neuhofen<\/li>\n\n\n\n<li>Mitglied im Rechnungspr\u00fcfungsausschuss Neuhofen<\/li>\n<\/ul>\n<\/div>\n<\/div>\n\n\n\n<hr class=\"wp-block-separator has-text-color has-black-500-color has-css-opacity has-black-500-background-color has-background is-style-wide\"\/>\n\n\n\n<div class=\"wp-block-group is-layout-flow wp-block-group-is-layout-flow\"><div class=\"wp-block-group__inner-container\">\n<h2 class=\"wp-block-heading\"><strong>Ich engagiere mich politisch weil \u2026<\/strong><\/h2>\n\n\n\n<ul id=\"block-25682561-d2cf-475b-b8d0-6d347e868ade\">\n<li>die Demokratie nur von der Mitwirkung vieler Menschen lebendig erhalten wird.<\/li>\n\n\n\n<li>durch die Mitwirkung auf lokaler Ebene das direkte Lebensumfeld meiner Familie, Nachbarschaft und der Mitbewohner*innen in unserer Gemeinde positiv gestaltet werden kann.<\/li>\n\n\n\n<li>durch die Mitwirkung auch auf lokaler Ebene ein Beitrag im Kleinen geleistet werden kann f\u00fcr junge Generationen zum Schutz einer auch in Zukunft lebenswerten Umwelt.<\/li>\n\n\n\n<li>durch die Mitwirkung auf Landes- und Bundes- und Europaebene an politischen Inhalten und Wahlen die Rahmenbedingungen gesetzt werden, die uns alle auch ganz pers\u00f6nlich hier vor Ort betreffen.<\/li>\n\n\n\n<li>ich meinen Teil dazu beitragen m\u00f6chte, diese Welt lebenswert zu erhalten f\u00fcr Mensch und Natur, in der Freiheit des Denkens und in sozialer, \u00f6kologischer und mitmenschlicher Verantwortung &#8211; in Frieden.<\/li>\n<\/ul>\n<\/div><\/div>\n\n\n\n<hr class=\"wp-block-separator has-text-color has-black-500-color has-css-opacity has-black-500-background-color has-background is-style-wide\"\/>\n\n\n\n<h4 class=\"wp-block-heading\">Kontakt<\/h4>\n\n\n\n<div class=\"wp-block-columns is-layout-flex wp-container-core-columns-layout-2 wp-block-columns-is-layout-flex\">\n<div class=\"wp-block-column is-layout-flow wp-block-column-is-layout-flow\">\n<p><a href=\"ldreyer@gruene-neuhofen.de\">ldreyer@gruene-neuhofen.de\u00a0<\/a><\/p>\n\n\n\n<p><a href=\"#\" data-unscramble=\"ed.plr-eneurg@nefohuen-vo\">ov-neuhofen@gruene-rlp.de<\/a><\/p>\n<\/div>\n\n\n\n<div class=\"wp-block-column is-layout-flow wp-block-column-is-layout-flow\">\n<p>Tel. 06236 1009<\/p>\n<\/div>\n<\/div>\n","protected":false},"excerpt":{"rendered":"<p>Politische Gremien: Ich engagiere mich politisch weil \u2026 Kontakt ldreyer@gruene-neuhofen.de\u00a0 ov-neuhofen@gruene-rlp.de Tel. 06236 1009<\/p>\n","protected":false},"author":2,"featured_media":0,"parent":31,"menu_order":0,"comment_status":"closed","ping_status":"closed","template":"","meta":{"footnotes":""},"_links":{"self":[{"href":"https:\/\/gruene-neuhofen.de\/index.php?rest_route=\/wp\/v2\/pages\/156"}],"collection":[{"href":"https:\/\/gruene-neuhofen.de\/index.php?rest_route=\/wp\/v2\/pages"}],"about":[{"href":"https:\/\/gruene-neuhofen.de\/index.php?rest_route=\/wp\/v2\/types\/page"}],"author":[{"embeddable":true,"href":"https:\/\/gruene-neuhofen.de\/index.php?rest_route=\/wp\/v2\/users\/2"}],"replies":[{"embeddable":true,"href":"https:\/\/gruene-neuhofen.de\/index.php?rest_route=%2Fwp%2Fv2%2Fcomments&post=156"}],"version-history":[{"count":23,"href":"https:\/\/gruene-neuhofen.de\/index.php?rest_route=\/wp\/v2\/pages\/156\/revisions"}],"predecessor-version":[{"id":1823,"href":"https:\/\/gruene-neuhofen.de\/index.php?rest_route=\/wp\/v2\/pages\/156\/revisions\/1823"}],"up":[{"embeddable":true,"href":"https:\/\/gruene-neuhofen.de\/index.php?rest_route=\/wp\/v2\/pages\/31"}],"wp:attachment":[{"href":"https:\/\/gruene-neuhofen.de\/index.php?rest_route=%2Fwp%2Fv2%2Fmedia&parent=156"}],"curies":[{"name":"wp","href":"https:\/\/api.w.org\/{rel}","templated":true}]}}