{"id":15,"date":"2020-11-10T19:21:42","date_gmt":"2020-11-10T19:21:42","guid":{"rendered":"http:\/\/gruene-neuhofen.de\/?page_id=15"},"modified":"2024-03-03T11:24:44","modified_gmt":"2024-03-03T10:24:44","slug":"soziales","status":"publish","type":"page","link":"https:\/\/gruene-neuhofen.de\/?page_id=15","title":{"rendered":"Sozialer Zusammenhalt und attraktive Angebote f\u00fcr Familien in Neuhofen"},"content":{"rendered":"\n<p><strong>F\u00fcr B\u00dcNDNIS 90\/DIE GR\u00dcNEN bildet das gemeinsame Leben und Kommunizieren der Generationen,<br>Nationalit\u00e4ten und Kulturen einen wichtigen Bestandteil f\u00fcr die Lebensqualit\u00e4t im Ort. Wir setzen<br>uns f\u00fcr ein familienfreundliches und generationen\u00fcbergreifendes Lebensumfeld ein.<\/strong><br>Wir GR\u00dcNEN fordern eine vorausschauende Politik f\u00fcr unsere Kinder, die eine ausreichende Anzahl<br>an Kita- und Schulpl\u00e4tzen zur Verf\u00fcgung stellt. Alle Kinder sollen die gleichen Chancen erhalten.<\/p>\n\n\n\n<p><strong>Wir setzen uns ein:<\/strong><\/p>\n\n\n\n<ul>\n<li><strong>den z\u00fcgigen Ausbau der Rehbachschule<\/strong> und ein bedarfsgerechtes Ganztagsschulangebot<\/li>\n\n\n\n<li>einen <strong>Waldkindergarten<\/strong>, der eine Bereicherung des bestehenden Betreuungsangebots w\u00e4re<\/li>\n\n\n\n<li><strong>die Versorgung aller Kitas und der Schule mit bezahlbaren, gesunden, frischen und vollwertigen<\/strong> \u00f6kologisch produzierten <strong>Lebensmitteln<\/strong> <\/li>\n\n\n\n<li><strong>selbstbestimmtes Leben im Alter und Angebote mit alternativen Wohnkonzepten,<\/strong> wie Mehrgenerationenh\u00e4user oder Wohngemeinschaften f\u00fcr \u00e4ltere B\u00fcrger*innen <\/li>\n\n\n\n<li>die Unterst\u00fctzung der <strong>Vereinskultur<\/strong> in Neuhofen<\/li>\n\n\n\n<li><strong>die Wiederbelebung des Jugend-Gemeinderates<\/strong>: Jugendliche k\u00f6nnen ihre Zukunft mitgestalten. (Jugendgemeinderat bestand bis 2013)<\/li>\n\n\n\n<li>mehr <strong>Miteinander und F\u00fcreinander<\/strong> durch gegenseitige Hilfsangebote<\/li>\n\n\n\n<li>mehr <strong>Weiterbildungs- und Erwachsenenbildungsangebot<\/strong>e, z.B. Volkshochschulkurse in Neuhofen<\/li>\n\n\n\n<li><strong>f\u00fcr Integration, gegenseitigen Respekt und gegen Rassismus und Ausgrenzung.<\/strong><\/li>\n<\/ul>\n\n\n\n<p><strong>Wenn Sie Fragen oder Anregungen haben wenden Sie sich gerne an uns.<\/strong><br><\/p>\n","protected":false},"excerpt":{"rendered":"<p>F\u00fcr B\u00dcNDNIS 90\/DIE GR\u00dcNEN bildet das gemeinsame Leben und Kommunizieren der Generationen,Nationalit\u00e4ten und Kulturen einen wichtigen Bestandteil f\u00fcr die Lebensqualit\u00e4t im Ort. Wir setzenuns f\u00fcr ein familienfreundliches und generationen\u00fcbergreifendes Lebensumfeld\u2026<\/p>\n","protected":false},"author":1,"featured_media":711,"parent":33,"menu_order":0,"comment_status":"closed","ping_status":"closed","template":"","meta":{"footnotes":""},"_links":{"self":[{"href":"https:\/\/gruene-neuhofen.de\/index.php?rest_route=\/wp\/v2\/pages\/15"}],"collection":[{"href":"https:\/\/gruene-neuhofen.de\/index.php?rest_route=\/wp\/v2\/pages"}],"about":[{"href":"https:\/\/gruene-neuhofen.de\/index.php?rest_route=\/wp\/v2\/types\/page"}],"author":[{"embeddable":true,"href":"https:\/\/gruene-neuhofen.de\/index.php?rest_route=\/wp\/v2\/users\/1"}],"replies":[{"embeddable":true,"href":"https:\/\/gruene-neuhofen.de\/index.php?rest_route=%2Fwp%2Fv2%2Fcomments&post=15"}],"version-history":[{"count":5,"href":"https:\/\/gruene-neuhofen.de\/index.php?rest_route=\/wp\/v2\/pages\/15\/revisions"}],"predecessor-version":[{"id":1157,"href":"https:\/\/gruene-neuhofen.de\/index.php?rest_route=\/wp\/v2\/pages\/15\/revisions\/1157"}],"up":[{"embeddable":true,"href":"https:\/\/gruene-neuhofen.de\/index.php?rest_route=\/wp\/v2\/pages\/33"}],"wp:featuredmedia":[{"embeddable":true,"href":"https:\/\/gruene-neuhofen.de\/index.php?rest_route=\/wp\/v2\/media\/711"}],"wp:attachment":[{"href":"https:\/\/gruene-neuhofen.de\/index.php?rest_route=%2Fwp%2Fv2%2Fmedia&parent=15"}],"curies":[{"name":"wp","href":"https:\/\/api.w.org\/{rel}","templated":true}]}}

Sozialer Zusammenhalt und attraktive Angebote für Familien in Neuhofen

<p><strong>Für BÜNDNIS 90/DIE GRÜNEN bildet das gemeinsame Leben und Kommunizieren der Generationen,<br>Nationalitäten und Kulturen einen wichtigen Bestandteil für die Lebensqualität im Ort. Wir setzen<br>uns für ein familienfreundliches und generationenübergreifendes Lebensumfeld ein.</strong><br>Wir GRÜNEN fordern eine vorausschauende Politik für unsere Kinder, die eine ausreichende Anzahl<br>an Kita- und Schulplätzen zur Verfügung stellt. Alle Kinder sollen die gleichen Chancen erhalten.</p>



<p><strong>Wir setzen uns ein:</strong></p>



<ul>
<li><strong>den zügigen Ausbau der Rehbachschule</strong> und ein bedarfsgerechtes Ganztagsschulangebot</li>



<li>einen <strong>Waldkindergarten</strong>, der eine Bereicherung des bestehenden Betreuungsangebots wäre</li>



<li><strong>die Versorgung aller Kitas und der Schule mit bezahlbaren, gesunden, frischen und vollwertigen</strong> ökologisch produzierten <strong>Lebensmitteln</strong> </li>



<li><strong>selbstbestimmtes Leben im Alter und Angebote mit alternativen Wohnkonzepten,</strong> wie Mehrgenerationenhäuser oder Wohngemeinschaften für ältere Bürger*innen </li>



<li>die Unterstützung der <strong>Vereinskultur</strong> in Neuhofen</li>



<li><strong>die Wiederbelebung des Jugend-Gemeinderates</strong>: Jugendliche können ihre Zukunft mitgestalten. (Jugendgemeinderat bestand bis 2013)</li>



<li>mehr <strong>Miteinander und Füreinander</strong> durch gegenseitige Hilfsangebote</li>



<li>mehr <strong>Weiterbildungs- und Erwachsenenbildungsangebot</strong>e, z.B. Volkshochschulkurse in Neuhofen</li>



<li><strong>für Integration, gegenseitigen Respekt und gegen Rassismus und Ausgrenzung.</strong></li>
</ul>



<p><strong>Wenn Sie Fragen oder Anregungen haben wenden Sie sich gerne an uns.</strong><br></p>

<p>Für BÜNDNIS 90/DIE GRÜNEN bildet das gemeinsame Leben und Kommunizieren der Generationen,Nationalitäten und Kulturen einen wichtigen Bestandteil für die Lebensqualität im Ort. Wir setzenuns für ein familienfreundliches und generationenübergreifendes Lebensumfeld…</p>
