{"id":1292,"date":"2024-03-16T20:51:25","date_gmt":"2024-03-16T19:51:25","guid":{"rendered":"https:\/\/gruene-neuhofen.de\/?page_id=1292"},"modified":"2025-06-05T10:20:46","modified_gmt":"2025-06-05T08:20:46","slug":"melina-kick-listenplatz-3","status":"publish","type":"page","link":"https:\/\/gruene-neuhofen.de\/?page_id=1292","title":{"rendered":"Melina Kick &#8211; Beisitzerin"},"content":{"rendered":"\n<div class=\"wp-block-columns is-layout-flex wp-container-core-columns-layout-1 wp-block-columns-is-layout-flex\">\n<div class=\"wp-block-column is-layout-flow wp-block-column-is-layout-flow\">\n<figure class=\"wp-block-image size-large is-style-rounded\"><img loading=\"lazy\" decoding=\"async\" width=\"800\" height=\"672\" src=\"https:\/\/gruene-neuhofen.de\/wp-content\/uploads\/2024\/03\/Melina-800x672.jpg\" alt=\"\" class=\"wp-image-1273\" srcset=\"https:\/\/gruene-neuhofen.de\/wp-content\/uploads\/2024\/03\/Melina-800x672.jpg 800w, https:\/\/gruene-neuhofen.de\/wp-content\/uploads\/2024\/03\/Melina-400x336.jpg 400w, https:\/\/gruene-neuhofen.de\/wp-content\/uploads\/2024\/03\/Melina-768x645.jpg 768w, https:\/\/gruene-neuhofen.de\/wp-content\/uploads\/2024\/03\/Melina-1536x1291.jpg 1536w, https:\/\/gruene-neuhofen.de\/wp-content\/uploads\/2024\/03\/Melina-2048x1721.jpg 2048w\" sizes=\"(max-width: 800px) 100vw, 800px\" \/><\/figure>\n\n\n\n<div style=\"height:20px\" aria-hidden=\"true\" class=\"wp-block-spacer\"><\/div>\n<\/div>\n\n\n\n<div class=\"wp-block-column is-layout-flow wp-block-column-is-layout-flow\">\n<div style=\"height:50px\" aria-hidden=\"true\" class=\"wp-block-spacer\"><\/div>\n\n\n\n<ul id=\"block-6f9342e5-41bc-48e4-ad31-91c4679737cc\">\n<li>1995 geboren und in Neuhofen aufgewachsen<\/li>\n\n\n\n<li>Jura-Studentin<\/li>\n\n\n\n<li>seit 2023 Mitglied bei B 90\/ Die Gr\u00fcnen und im Ortsverband Neuhofen aktiv<\/li>\n<\/ul>\n\n\n\n<div style=\"height:30px\" aria-hidden=\"true\" class=\"wp-block-spacer\"><\/div>\n\n\n\n<h2 class=\"wp-block-heading has-black-color has-text-color has-link-color has-medium-font-size wp-elements-b990cf0fc3c11febc7c747ccdcf3dfc7\">Mitglied in folgenden Aussch\u00fcssen:<\/h2>\n\n\n\n<ul>\n<li>Mitglied im Ausschuss f\u00fcr Jugend, Sport, Schule und Kultur<\/li>\n<\/ul>\n<\/div>\n<\/div>\n\n\n\n<hr class=\"wp-block-separator has-alpha-channel-opacity\"\/>\n\n\n\n<h2 class=\"wp-block-heading\">Wer bin ich?<\/h2>\n\n\n\n<p>Mein Sinn f\u00fcr Gerechtigkeit hat mich zum Studium der Rechtswissenschaften gef\u00fchrt und begleitet mich auch dar\u00fcber hinaus. Nach dem Abitur war ich beim Netzwerk Asyl der Verbandsgemeinde Rheinauen aktiv und habe mich auch an meinem Studienort Halle (Saale) ehrenamtlich f\u00fcr Gefl\u00fcchtete engagiert. Seit 2017 bin ich aktives Mitglied einer Menschenrechtsorganisation, seit 2024 Mitorganisatorin der Nachbarschaftshilfe in Neuhofen und wieder beim Netzwerk Asyl der Verbandsgemeinde Rheinauen aktiv.<\/p>\n\n\n\n<h2 class=\"wp-block-heading\">Ich engagiere mich politisch, weil<\/h2>\n\n\n\n<ul>\n<li>ich mir Sorgen um unsere Demokratie und Gesellschaft mache und als B\u00fcrgerin nicht l\u00e4nger zusehen, sondern Teil der L\u00f6sung sein m\u00f6chte. Als \u00fcberzeugte Antifaschistin m\u00f6chte ich mich f\u00fcr ein soziales, diskriminierungsfreies Miteinander in Neuhofen und gegen den Rechtsruck und verfassungsfeindliche Bestrebungen einsetzen.<\/li>\n\n\n\n<li>junge Menschen, und Frauen im Besonderen, in der Politik zu wenig vertreten sind und ich als intersektionale Feministin meinen Teil zur Erreichung von Gleichberechtigung und Generationengerechtigkeit beitragen und mich f\u00fcr frauen- und familienfreundliche Politik stark machen m\u00f6chte.<\/li>\n\n\n\n<li>ich als Mensch ohne eigenes Auto die Mobilit\u00e4tswende in Neuhofen vorantreiben will, sodass Menschen nicht mehr vom eigenen Auto abh\u00e4ngig sind, sondern sich auch zu Fu\u00df, mit dem Rad oder dem \u00d6PNV frei und sicher fortbewegen k\u00f6nnen.<\/li>\n\n\n\n<li>immer noch viel zu wenig zur Eind\u00e4mmung der Klimakrise und zur Anpassung an ihre Auswirkungen getan wird. Neuhofen soll f\u00fcr uns und die nachfolgenden Generationen ein lebenswerter Ort sein, aber daf\u00fcr muss Nachhaltigkeit bei allen Entscheidungen ber\u00fccksichtigt und unser Dorf klimaneutral und zukunftsf\u00e4hig gestaltet werden.<\/li>\n<\/ul>\n\n\n\n<hr class=\"wp-block-separator has-alpha-channel-opacity is-style-default\"\/>\n\n\n\n<h2 class=\"wp-block-heading\">Kontakt<\/h2>\n\n\n\n<p> <a href=\"#\" data-unscramble=\"ed.nefohuen-eneurg@kcikm\">mkick@gruene-neuhofen.de<\/a><\/p>\n\n\n\n<p><a href=\"https:\/\/gruene-neuhofen.de\/?page_id=156#\">ov-neuhofen@gruene-rlp.de<\/a><\/p>\n","protected":false},"excerpt":{"rendered":"<p>Mitglied in folgenden Aussch\u00fcssen: Wer bin ich? Mein Sinn f\u00fcr Gerechtigkeit hat mich zum Studium der Rechtswissenschaften gef\u00fchrt und begleitet mich auch dar\u00fcber hinaus. Nach dem Abitur war ich beim\u2026<\/p>\n","protected":false},"author":4,"featured_media":0,"parent":31,"menu_order":2,"comment_status":"closed","ping_status":"closed","template":"","meta":{"footnotes":""},"_links":{"self":[{"href":"https:\/\/gruene-neuhofen.de\/index.php?rest_route=\/wp\/v2\/pages\/1292"}],"collection":[{"href":"https:\/\/gruene-neuhofen.de\/index.php?rest_route=\/wp\/v2\/pages"}],"about":[{"href":"https:\/\/gruene-neuhofen.de\/index.php?rest_route=\/wp\/v2\/types\/page"}],"author":[{"embeddable":true,"href":"https:\/\/gruene-neuhofen.de\/index.php?rest_route=\/wp\/v2\/users\/4"}],"replies":[{"embeddable":true,"href":"https:\/\/gruene-neuhofen.de\/index.php?rest_route=%2Fwp%2Fv2%2Fcomments&post=1292"}],"version-history":[{"count":17,"href":"https:\/\/gruene-neuhofen.de\/index.php?rest_route=\/wp\/v2\/pages\/1292\/revisions"}],"predecessor-version":[{"id":1825,"href":"https:\/\/gruene-neuhofen.de\/index.php?rest_route=\/wp\/v2\/pages\/1292\/revisions\/1825"}],"up":[{"embeddable":true,"href":"https:\/\/gruene-neuhofen.de\/index.php?rest_route=\/wp\/v2\/pages\/31"}],"wp:attachment":[{"href":"https:\/\/gruene-neuhofen.de\/index.php?rest_route=%2Fwp%2Fv2%2Fmedia&parent=1292"}],"curies":[{"name":"wp","href":"https:\/\/api.w.org\/{rel}","templated":true}]}}